ber?
False
Is 36029 composite?
True
Is 5209 composite?
False
Is 75109 a composite number?
False
Is 25853 composite?
True
Is 150053 prime?
True
Is 121333 a prime number?
True
Is 109789 a composite number?
False
Is 14501 a composite number?
True
Is 400031 composite?
False
Is 26821 composite?
False
Is 78053 prime?
False
Is 58817 prime?
False
Is 1709 a prime number?
True
Is 359519 a prime number?
False
Is 508753 a prime number?
False
Is 38585 a prime number?
False
Is 4637 composite?
False
Is 82681 a composite number?
True
Is 37649 a prime number?
True
Is 160501 prime?
False
Is 30697 prime?
True
Is 294887 composite?
False
Is 1115 prime?
False
Is 8767 a composite number?
True
Is 244177 a prime number?
True
Is 55877 composite?
True
Is 5839 prime?
True
Is 133571 a prime number?
True
Is 21635 a composite number?
True
Is 18301 a composite number?
False
Is 88761 a prime number?
False
Is 501713 prime?
False
Is 121139 composite?
False
Is 50311 a prime number?
True
Is 109937 composite?
False
Is 367007 composite?
False
Is 329639 a composite number?
False
Is 723053 prime?
True
Is 39779 composite?
False
Is 476977 prime?
True
Is 5381 a prime number?
True
Is 15511 composite?
False
Is 135769 prime?
False
Is 2153 a composite number?
False
Is 1625497 a composite number?
False
Is 7639 prime?
True
Is 122443 a prime number?
True
Is 194353 composite?
False
Is 331 prime?
True
Is 290171 composite?
True
Is 39857 a composite number?
False
Is 535853 prime?
False
Is 22639 a prime number?
True
Is 216743 a composite number?
False
Is 4387 composite?
True
Is 51 composite?
True
Is 6197 a composite number?
False
Is 4441 a prime number?
True
Is 140717 a composite number?
False
Is 171131 a prime number?
True
Is 40633 prime?
False
Is 384817 a prime number?
True
Is 99523 a prime number?
True
Is 61351 a composite number?
True
Is 17657 a composite number?
False
Is 62821 prime?
False
Is 843 prime?
False
Is 145633 a prime number?
True
Is 19999 a prime number?
False
Is 8049 composite?
True
Is 616067 a composite number?
True
Is 329617 a composite number?
False
Is 32603 composite?
False
Is 10418 prime?
False
Is 30939 a prime number?
False
Is 709997 composite?
True
Is 959761 a composite number?
True
Is 38113 a prime number?
True
Is 84053 prime?
True
Is 5897 composite?
False
Is 17657 a composite number?
False
Is 8353 a composite number?
False
Is 3163 a prime number?
True
Is 23365 composite?
True
Is 8903 composite?
True
Is 8813 a prime number?
False
Is 5541 a composite number?
True
Is 3821 prime?
True
Is 3986 a prime number?
False
Is 87773 prime?
False
Is 87713 composite?
True
Is 34283 composite?
False
Is 24691 prime?
True
Is 31121 composite?
False
Is 929553 a composite number?
True
Is 8221 prime?
True
Is 185789 a prime number?
True
Is 107507 a composite number?
False
Is 7283071 a composite number?
False
Is 1703 composite?
True
Is 2517311 a prime number?
True
Is 176299 prime?
True
Is 215751 prime?
False
Is 5261 composite?
False
Is 34735 composite?
True
Is 63323 a composite number?
True
Is 80021 a composite number?
False
Is 4327 a composite number?
False
Is 68329 a composite number?
False
Is 33871 a composite number?
False
Is 37667 a composite number?
True
Is 451 prime?
False
Is 47381 composite?
False
Is 221303 a composite number?
False
Is 586711 prime?
True
Is 152291 composite?
True
Is 24671 a prime number?
True
Is 317821 prime?
False
Is 9083 a composite number?
True
Is 168989 composite?
True
Is 132817 a prime number?
True
Is 25549 a composite number?
True
Is 15959 a composite number?
False
Is 57883 a prime number?
False
Is 45817 composite?
False
Is 12131 a prime number?
False
Is 45907 a composite number?
True
Is 54401 a prime number?
True
Is 673 composite?
False
Is 18987 a prime number?
False
Is 3344261 a composite number?
False
Is 521623 composite?
True
Is 526189 a composite number?
False
Is 130627 prime?
False
Is 43517 a prime number?
True
Is 24517 prime?
True
Is 29009 a prime number?
True
Is 111091 a composite number?
False
Is 1671 prime?
False
Is 10903 a composite number?
False
Is 2047 a prime number?
False
Is 642167 composite?
True
Is 546485 a prime number?
False
Is 70073 a prime number?
False
Is 25442 prime?
False
Is 393513 a prime number?
False
Is 8203 a prime number?
False
Is 219017 prime?
True
Is 548839 a composite number?
True
Is 473615 a prime number?
False
Is 2322569 composite?
False
Is 6835 composite?
True
Is 13921 a prime number?
True
Is 811457 a composite number?
False
Is 2459 a prime number?
True
Is 4541 a composite number?
True
Is 83737 a prime number?
True
Is 519747 a composite number?
True
Is 212165 a composite number?
True
Is 16811 a composite number?
False
Is 1059533 a prime number?
False
Is 920861 a composite number?
True
Is 5539 a prime number?
False
Is 79279 a composite number?
False
Is 16838 a prime number?
False
Is 337 a prime number?
True
Is 868679 prime?
False
Is 2261219 prime?
True
Is 278449 a prime number?
False
Is 28667 composite?
True
Is 2179 a composite number?
False
Is 80331 a composite number?
True
Is 7151 a composite number?
False
Is 708401 composite?
True
Is 102623 a prime number?
False
Is 27329 composite?
False
Is 15819 composite?
True
Is 10063 a composite number?
True
Is 243073 a composite number?
False
Is 640733 prime?
True
Is 86537 a prime number?
False
Is 3409 a composite number?
True
Is 469 a prime number?
False
Is 42235 prime?
False
Is 753245 a prime number?
False
Is 20647 composite?
True
Is 294461 prime?
True
Is 4211 a prime number?
True
Is 583651 a prime number?
True
Is 5793 a prime number?
False
Is 3599 a composite number?
True
Is 21377 a prime number?
True
Is 253853 composite?
False
Is 787565 a prime number?
False
Is 120473 a composite number?
False
Is 19253 a prime number?
False
Is 3299 composite?
False
Is 3847 prime?
True
Is 1319 a prime number?
True
Is 295531 composite?
True
Is 1548385 prime?
False
Is 27994 a prime number?
False
Is 160019 prime?
True
Is 103315 composite?
True
Is 70049 composite?
True
Is 92033 a composite number?
False
Is 1657 a prime number?
True
Is 123203 prime?
True
Is 14387 a composite number?
False
Is 1529231 prime?
False
Is 54661 a composite number?
True
Is 541 composite?
False
Is 43777 a prime number?
True
Is 993079 a composite number?
False
Is 900269 a prime number?
False
Is 281509 a prime number?
True
Is 26933 a composite number?
True
Is 2153 a prime number?
True
Is 213713 prime?
True
Is 4327 prime?
True
Is 28993 composite?
True
Is 22613 prime?
True
Is 1757 a composite number?
True
Is 203695 composite?
True
Is 167309 a composite number?
False
Is 48479 composite?
False
Is 114929 prime?
False
Is 49018 a prime number?
False
Is 11677 prime?
True
Is 116759 prime?
False
Is 1143379 a prime number?
False
Is 50359 prime?
True
Is 86239 prime?
True
Is 38839 prime?
True
Is 25301 composite?
False
Is 1415411 prime?
True
Is 82699 a composite number?
False
Is 23267 prime?
False
Is 127805 a composite number?
True
Is 9655 a prime number?
False
Is 6109 prime?
False
Is 1843573 prime?
False
Is 194569 a composite number?
False
Is 7403 a composite number?
True
Is 181223 a composite number?
True
Is 4838617 composite?
True
Is 18743 a prime number?
True
Is 120457 a composite number?
True
Is 165065 composite?
True
Is 8069 a composite number?
False
Is 1893 a composite number?
True
Is 28871 a prime number?
True
Is 14095 a composite number?
True
Is 65761 a composite number?
False
Is 2497 prime?
False
Is 249419 a composite number?
False
Is 591247 composite?
True
Is 73547 a prime number?
True
Is 72499 a prime number?
False
Is 415 composite?
True
Is 4663 a prime number?
True
Is 236377 composite?
False
Is 95701 composite?
False
Is 6217 prime?
True
Is 28387 composite?
False
Is 2719 prime?
True
Is 2109727 composite?
False
Is 65647 a composite number?
False
Is 78911 a prime number?
False
Is 281703 a prime number?
False
Is 646253 prime?
True
Is 679 a prime number?
False
Is 6779 a prime number?
True
Is 7949 a prime number?
True
Is 99643 prime?
True
Is 171283 a composite number?
True
Is 812683 a prime number?
False
Is 1671907 a composite number?
False
Is 23719 a composite number?
False
Is 28009 a composite number?
True
Is 43863 a composite number?
True
Is 11957 prime?
False
Is 780067 composite?
True
Is 37486 prime?
False
Is 37673 prime?
False
Is 18453 a